s digit of t?
1
Suppose -2*a - 3*w - 425 = 2*w, -3*a - 650 = -5*w. Let g = 518 + a. What is the tens digit of g?
0
Let k be -23*(3 + 4)*-3. Let n = k - 435. What is the tens digit of n?
4
Let p(z) = 647*z + 8. Let o be p(1). Let w = o - 216. What is the tens digit of w?
3
Let p = 138 + -20. Let g(d) = d**2 - 64*d + 906. Let a be g(43). Suppose -v + a*v = p. What is the units digit of v?
9
Let t(j) be the first derivative of -j**2 - 11*j + 717. Suppose 2*q + 13 = -9. What is the tens digit of t(q)?
1
Let y(p) = 665*p**2 - 149*p + 6. What is the thousands digit of y(4)?
0
Suppose -v = -5*r - 2, 4*r - 4 + 5 = v. Let d(y) be the first derivative of 85*y**3/3 - 5*y**2/2 - 6*y - 944. What is the units digit of d(r)?
4
Let k(n) = -151*n - 108. Let q(t) = 454*t + 328. Let b(m) = 10*k(m) + 3*q(m). What is the units digit of b(-5)?
4
Suppose -5 + 0 = a, -3*w - 4*a - 14 = 0. Suppose -5*g = 4*n + 9, w*g + 2*n + 7 = -3*n. What is the units digit of (-1)/((2 - 3)/g) - -55?
4
Suppose -21 = -5*a - 1. Let z be 201/39 - a/26*1. Let f(i) = -i**2 + 17*i + 2. What is the units digit of f(z)?
2
Let t = -9104 + 14897. What is the tens digit of t/9 - ((-35)/21)/5?
4
Let a(x) be the first derivative of -539*x**2 - 18*x - 60. What is the units digit of a(-1)?
0
Suppose -u - w = 4*u - 26, 2*u + 5*w = -8. Suppose -4*j = 3*q - 223, -u*q = -7*q - j + 74. What is the units digit of q?
3
Let q = -374 + 360. What is the thousands digit of q + 9 - (-1144 + 2)?
1
Let f be 12/(-18)*342/(-4) + -2. Let k = 69 - f. Suppose -k*h = -12*h - 56. What is the units digit of h?
8
Let k(x) = -x**3 - 9*x**2 - 21*x - 17. Let u be k(-5). What is the hundreds digit of (-8)/u + 2449/6*2?
8
Let h be 12/(-66) - 214050/(-66). Suppose -2*f - 5*j = -h, 8*j = -4*f + 10*j + 6546. What is the thousands digit of f?
1
Suppose 0 = 4*r - 3*g - 78, -2*g = -2*r + 2*g + 44. Suppose 0 = -r*z + 19*z + 27. Let b = z - -44. What is the units digit of b?
7
Suppose -2*o - 538 = 262. Let l = 127 - o. What is the hundreds digit of l?
5
Let h(j) = 23*j - 3. Let s be h(3). Let y = -253 - -291. Let g = s - y. What is the tens digit of g?
2
Let i(l) = 71 - 18*l + 5*l**3 + 43*l - 6*l**3 - 2*l**2 - 23*l - 24. Suppose -25 = 4*n + 5*c, -n - 14 = 3*c + 1. What is the tens digit of i(n)?
4
Let h be (2 - -4 - 4)*(-5)/(-2). Suppose 4 + 2 = 2*g, -h*g - 3009 = -4*r. What is the tens digit of r?
5
Suppose -11*r + 3*i = -15*r + 104678, 0 = -2*r - 3*i + 52342. What is the tens digit of r?
6
Let x = -8130 + 13200. What is the units digit of x?
0
Suppose -17*m + 8 = -26. Suppose 0 = 4*a - a + m*w - 1077, -3*w + 718 = 2*a. What is the hundreds digit of a?
3
Let t(v) = 115*v**3 + 4*v**2 + 6*v + 5. What is the tens digit of t(3)?
6
Let l be (2330/15)/(8/12). Let y = l - 90. What is the units digit of y?
3
Let s(k) = -73 + 7 + 6*k - 7 - 57. Let f(j) = 9*j - 195. Let a(x) = 5*f(x) - 8*s(x). What is the units digit of a(0)?
5
Suppose 144*r - 120*r - 516247 = -90103. What is the tens digit of r?
5
Suppose 34*d + 4 = 35*d, -22638 = -5*q + 3*d. What is the units digit of q?
0
Suppose -101 = -3*o - 521. Let w be 0 + 3 + o/2. Let f = 73 + w. What is the units digit of f?
6
Let g be (4 - 1/1) + -1143. Let f be 13/((-65)/g) + -3. What is the hundreds digit of (-20)/3*f/(-10)?
1
Let q = -42 - -47. Suppose 5*g = -q*z + 40, 2*g = 5*z - g. Suppose 4*w = z*w - 3*j + 94, 400 = 5*w + j. What is the units digit of w?
9
Let c(n) = 2778*n + 95. What is the units digit of c(1)?
3
Suppose 0 = 3*v + c - 11095 - 1640, -16978 = -4*v - 2*c. What is the hundreds digit of v?
2
Let l(o) = 8*o**2 + 7*o + 744. What is the ten thousands digit of l(37)?
1
Suppose -26*x + 31*x = -100. Let s(v) = v + 120. What is the units digit of s(x)?
0
Let w(x) = -2*x**2 + 16*x + 32. Let b be w(13). Let s = 100 + b. Suppose -8 = -s*z + 80. What is the units digit of z?
4
Let b = 963 + -2481. Let p = -626 - b. What is the units digit of p?
2
Let n(a) = 2*a**3 - 6*a**2 - 6*a + 22. Suppose 44 = 24*f - 124. What is the hundreds digit of n(f)?
3
Let s = -3032 - -5967. What is the tens digit of s?
3
Suppose 5*k + 260 + 140 = 0. What is the tens digit of 0 - ((-30)/k + 3526/(-16))?
2
Let d(o) = 8*o**2 - o - 5. Let l be d(6). Let j = 8147 + -8143. Suppose -5*h - j*s + l + 108 = 0, h - 2*s - 77 = 0. What is the tens digit of h?
7
Suppose -3*l = -15, -2*l = 2*h - 0*l + 12. Let o be h/(11/4)*(1 + -2). Suppose o*s - 856 = -0*s. What is the hundreds digit of s?
2
Let p(o) = o - 7. Let k be p(10). Let n be -1 - (105/28)/(k/(-156)). Suppose -44 = 10*v - n. What is the units digit of v?
5
Suppose 383*c - 999*c + 5794712 = 0. What is the hundreds digit of c?
4
Let l(w) = -3*w**3 - 3*w**2 - 2*w + 2. Let i be l(-2). Let a = 1 - i. Let r = 44 - a. What is the tens digit of r?
6
Let w be (50/15)/(-10)*6. What is the tens digit of w/(-3) + (-37268)/(-42)?
8
Suppose 37*k + 20*k = -978720 + 3708165. What is the ten thousands digit of k?
4
What is the hundreds digit of (-40546)/(-8) - (6/(-22) + (-621)/(-1188))?
0
Suppose 5*n + 11 = -a, -3*n + 15 = -2*a - 7. Let w(v) = 3*v**2 - v + 31. Let x(m) = m**2 + 15. Let r(q) = a*x(q) + 6*w(q). What is the tens digit of r(6)?
3
Let v be 0 + 20/(-4) - (-26 - -1). What is the tens digit of 207/5 - 2/(v/(-6))?
4
Let c = 1180 - 2121. Let r = c + 1332. Suppose j - 129 - r = -4*k, j + 135 = k. What is the tens digit of k?
3
Let z(d) = -3*d - 20. Suppose -5*k + 5 = -g, -2*g - 2 = 3*k + 21. Let b be z(g). Suppose b*o - 321 = 7*o. What is the units digit of o?
7
Let j(c) = -6 + 8*c - 5*c + 3*c**2 + 0*c**3 - 2*c**3. Let f be j(-3). Let s = -26 + f. What is the tens digit of s?
4
Suppose -5*m - h + 21 = 0, 5*h = -4*m - 0*h. Suppose 1359 = m*f - 1336. What is the hundreds digit of f?
5
Suppose 15*c + 918 = 9*c. Let f = c + 299. What is the tens digit of f/6 + (-14)/(-21)?
2
Let y(z) = -31*z**3 - 3*z**2 + 1. Let t be y(-2). Suppose t = 3*k - 3*b, 0 = -k - 4*b - b + 91. Let v = -42 + k. What is the tens digit of v?
3
What is the tens digit of -1*2*-10372*(1 + (-1)/2)?
7
Let g be 4/((-8)/(-6) - 2). What is the units digit of (459/18)/(g/(-104))?
2
Let u be (7452/45 + -4)*(-50)/(-4). Let a = u + -1432. What is the hundreds digit of a?
5
Suppose -4*r - 816 = 4*f, 0*r + 4*f - 856 = 4*r. Let w = -58 - r. What is the tens digit of w?
5
Suppose 205720 = 166*b - 27*b. What is the thousands digit of b?
1
Suppose 11*w = 7*w + 4*q, 4*q = 2*w + 8. Suppose 4*v - 5176 = -w*v. What is the hundreds digit of v?
6
Let d = -456 - -866. Suppose 0 = 4*j + 4*f - 3*f + 1601, -j = -3*f + d. Let l = j - -637. What is the tens digit of l?
3
Let a(r) = r**3 - 11*r**2 + 23*r - 1. Suppose 3*v + 45 = 5*f, 0 = 2*v - v. What is the tens digit of a(f)?
4
Let y(h) = -h**3 - 20*h**2 - 158*h + 101. What is the hundreds digit of y(-30)?
8
Let m(r) = -r**2 + 24*r + 10. Let h be m(19). Suppose -h*t = -101*t - 188. What is the units digit of t?
7
Suppose -4*m - 184 = -3*x + 7*x, -x - 3*m - 38 = 0. Let t = x - -49. What is the hundreds digit of (8 - -202) + -7 + (-4)/t?
2
What is the hundreds digit of 2 - 2 - -19 - -66260?
2
Let k(g) = -2*g**3 + 26*g**2 + g + 24. Let x be k(13). Suppose x*m = 9344 + 3051. What is the units digit of m?
5
Let m = -40777 - -77704. What is the units digit of m?
7
Suppose 570 = 5*t - 2*t. Let b = t - 78. Suppose c + 4*s = 60, -2*c - 3*s + b = s. What is the units digit of c?
2
Suppose 5*n - 26 = -4*s, 6*s - 11*s + 24 = 2*n. Suppose -2*q + 3*q = n*f + 548, -f = 3*q - 1651. What is the hundreds digit of q?
5
Suppose -265 = 208*d - 213*d. Suppose 56*o = d*o + 1053. What is the hundreds digit of o?
3
Let f = -211 + 550. Let p = f + -191. What is the hundreds digit of p?
1
Let z(d) = 3102*d + 16669. What is the thousands digit of z(-5)?
1
Let m = 286 - 496. Let z = m - 0. What is the tens digit of (-1 + z/4)/(2/(-4))?
0
What is the tens digit of (-1341639)/(-90) - ((-9)/10 + 1)?
0
Let j(l) = -4*l**2 - 1200*l + 77. What is the ten thousands digit of j(-53)?
5
Let c(s) = -110*s**2 + 12 - 34*s - 9*s + 61*s**2 + 56*s**2. What is the tens digit of c(11)?
8
Suppose k = -9 + 12. Suppose 4*b - 31 = h - 117, -k*h - 3*b = -318. Suppose -d + h = -28. What is the units digit of d?
0
Let r = -222 + 227. Suppose y - 153 = 5*u + 200, r*u - 721 = -2*y. What is the hundreds digit of y?
3
Suppose 21*m - 8631 = 14